-y, -7 = -m + 2*y + 7. Calculate the remainder when 61 is divided by m.
13
Let a(l) = -l**3 + 10*l**2 + 16*l + 6. Let c be a(12). Let n = c + 124. Calculate the remainder when 67 is divided by n.
33
Let m(f) = -16*f**2 + 6*f - 1. Let c(v) = -64*v**2 + 25*v - 3. Let t(l) = 2*c(l) - 9*m(l). What is the remainder when 58 is divided by t(1)?
13
Suppose c - 3 = -2*f - 2, -f = 3. Calculate the remainder when 213 is divided by c.
3
Let l = 19 + -18. Suppose -13 = -4*x + 3*x. What is the remainder when x is divided by 8/(1 - l/(-1))?
1
Let u = 30 + -31. Suppose -4*l = 4*j - 3*l - 32, -3*j + 2*l = -35. What is the remainder when u/(-2) + 186/12 is divided by j?
7
Suppose 34*b + 120 = 38*b. Suppose 0 = -5*y - 2*w + 7, 0 = 4*y + w - 5 - 3. Let s = 5 + y. What is the remainder when b is divided by s?
6
Let j = 67 - 39. Let c = 87 - j. What is the remainder when c is divided by 30?
29
Suppose 5*q - 32 = 18. Suppose 4*f = -3*c - f - 10, -5*f - q = 5*c. Suppose 2*s - 2 + 0 = c. What is the remainder when 2 is divided by s?
0
Let k = 250 - 225. Calculate the remainder when k is divided by 8.
1
Let c = 36 + -34. Suppose c*a - 6 - 40 = 0. Let o = a - 20. Calculate the remainder when 3 is divided by o.
0
Suppose -5*q = 15, 10*q - 11*q - 25 = -b. What is the remainder when 43 - 3*4/6 is divided by b?
19
Let z(l) = 7*l. Let h = -136 - -138. Calculate the remainder when z(1) is divided by h.
1
Suppose -2*c = -54 - 0. Let s = -4 + c. Calculate the remainder when s is divided by 12.
11
Suppose -2*o + 3*o = 5. Suppose -3*m = -5*i - m + 30, -5*m = -4*i + 41. Calculate the remainder when o is divided by (-153)/(-45) + i/(-10) - 1.
1
Suppose -3*x - 103 = -5*y, 119 = -y + 6*y + x. Calculate the remainder when 110 is divided by y.
18
Calculate the remainder when (-1)/(-2)*-3*-3*158 is divided by 42.
39
Let q(z) = -z**2 - z + 25. Suppose 0 = 3*d + 2*d. Suppose 0 = -w - 2*w - 4*c + 210, 2*w - 2*c = 154. Calculate the remainder when w is divided by q(d).
24
Suppose -99*h + 105*h = 162. What is the remainder when h is divided by 4?
3
Let s(w) = -4*w + 1. Let c(j) = -8*j + 4 - 3*j - 2 + 1. Let b(g) = -6*c(g) + 17*s(g). What is the remainder when b(-13) is divided by 13?
12
Suppose -8*b - 53 = -11*b - 4*v, 4*b = 2*v + 34. Calculate the remainder when b is divided by -1*(-5 - (-1)/(-1)).
5
Let t = -35 + 11. Let f = -15 - t. Calculate the remainder when (0 - -5)*7/1 is divided by f.
8
Let x = -391 - -408. Calculate the remainder when 64 is divided by x.
13
Let p(z) = -z - 2. Let u be p(-2). Suppose u*i = 5*i - 285. What is the remainder when i is divided by 10?
7
Let w(q) = 2*q**3 + 8*q**2 + 14*q + 73. Calculate the remainder when 115 is divided by w(-4).
13
Suppose 5*q - 210 = -5*q. Calculate the remainder when q is divided by 11.
10
Suppose -3*y - 35*c = -40*c - 85, 4*y - 4*c = 124. What is the remainder when 419 is divided by y?
34
Let f = -11 - -19. Let p = -14 - -32. Calculate the remainder when (-4)/p - 1414/(-126) is divided by f.
3
Let l(n) = -3*n + 3. Let m be l(-7). Suppose 39 = 3*c - m. Let j(g) = g**2 + 5*g + 10. What is the remainder when j(-10) is divided by c?
18
Let p(w) = -4*w + 20. Let x(z) = -z - 1. Let k(a) = p(a) + 3*x(a). Let u be -38*(-3)/(-15) - 15/(-25). Calculate the remainder when k(u) is divided by 23.
20
Let d = 24 - 3. Calculate the remainder when 79 is divided by d.
16
Let o = 75 + -17. Let k = 387 + -273. What is the remainder when k is divided by o?
56
Suppose 276 = 4*q - 2*d, 3*q + 9*d = 10*d + 209. Calculate the remainder when q is divided by 30.
11
Suppose -25*x = -30*x - 855. Calculate the remainder when 154 is divided by (x/95)/(6/(-130)).
37
Calculate the remainder when (-738038)/(-1309) + ((-48)/(-22) - 2) is divided by 9.
6
Let p(g) be the third derivative of -9*g**4/8 - g**3/6 - 8*g**2. Suppose -5*h + 21 + 14 = 0. Calculate the remainder when p(-1) is divided by h.
5
Let s = 469 + -335. Calculate the remainder when s is divided by 28.
22
Suppose 204 = 4*u - 4*t, 2*t - 305 = -5*u - 3*t. Let a(o) = -o**3 - 247*o**2 + 1011*o - 9. Calculate the remainder when u is divided by a(4).
18
Suppose 0 = 10*b + 69 - 819. What is the remainder when 822 is divided by b?
72
Let c = -159 - -175. Suppose 4*a - 182 = -3*y, 4*a - y - 57 = 117. Calculate the remainder when a is divided by c.
12
Calculate the remainder when 145 is divided by -1*(-2)/(6/414*6).
7
Let s = -23 + 27. Suppose -4*q + 8 = -s. Calculate the remainder when 11 is divided by q.
2
Suppose 3*z + 0 = -5*i + 32, -36 = -4*i - 5*z. Let n(k) = 2*k**2 + k + 1. Let f be n(-1). Suppose -26 - 10 = -f*x. What is the remainder when x is divided by i?
2
Suppose -23*d + 12*d = -495. Suppose -44*q - 52 = -d*q. Calculate the remainder when q is divided by 15.
7
Let s(k) = -k**3 + 54*k**2 + 5*k - 212. Calculate the remainder when 108 is divided by s(54).
50
What is the remainder when 161 is divided by 24 - ((-6)/5)/(10/25)?
26
Let q(n) = n - 21. Let m be q(10). Suppose -2*z + 11 = 53. Let y = m - z. Calculate the remainder when y is divided by 4.
2
Let t = 101 + -62. Let l(q) = -1 - 6*q + 4 - 4 + 5*q. Calculate the remainder when t is divided by l(-11).
9
Let r(p) = 3*p**2 + 3*p - 1. Let c = -1169 + 1182. Calculate the remainder when r(3) is divided by c.
9
Let f be (-33)/(-7) - (-12)/42. Let i = 23 - f. Calculate the remainder when 66 is divided by i.
12
What is the remainder when 155 is divided by (0 - -31) + 0 + -5?
25
Let q(l) = -898*l**3 - 9*l**2. Calculate the remainder when q(-1) is divided by 11.
9
Suppose 5*j - 17*j + 36 = 0. Calculate the remainder when 13 is divided by j.
1
Let p = 1713 + -1701. Calculate the remainder when 40 is divided by p.
4
Let i(w) = 36*w - 10. What is the remainder when i(3) is divided by 21?
14
Suppose -2*o = 3*i + 23, 0*i + 2*i = 4*o + 6. Calculate the remainder when 34 is divided by 0 - 1 - 65/i.
10
Let j be (1/1*1)/1. What is the remainder when 84 - 7 - 3/j is divided by 25?
24
Let r(u) = 9*u - 6. Let m be r(1). Suppose 10*p - m*p = 308. Calculate the remainder when p is divided by 9.
8
Suppose 0 = 4*w - 4*r - 176, -w - 5*r = -10*r - 28. What is the remainder when w is divided by 13?
9
Suppose -9 = -3*n, 0 = -0*v + 5*v - 3*n - 1. Suppose 4*i + v*o = 212, -i - 6 + 77 = 5*o. What is the remainder when 201 is divided by i?
48
Let v = 118 + -92. Suppose 2*f = -0*f + 10. Suppose -q - 1 = f*k, -2*k = -4*q + k + 65. What is the remainder when v is divided by q?
12
Let b be 0/2 - -1*2. Suppose 5*d = -b*p + 51, -5*d - 2 - 23 = 0. Let o(h) = -29*h - 96. Calculate the remainder when p is divided by o(-4).
18
Let g = -789 + 838. What is the remainder when 176 is divided by g?
29
Let k = 4 - -15. Suppose -30 = 6*n - 3*n. Let o = 20 + n. Calculate the remainder when k is divided by o.
9
Calculate the remainder when 98 is divided by (-28)/(-42) - (-444)/9.
48
Let n = -23 - -33. What is the remainder when (-3 + 1)/((-1)/n) is divided by (-13524)/(-552)*(2/5 + 12/(-105))?
6
Let o be (-1017)/3*(2 - 12/9). Let q = o - -457. Calculate the remainder when q is divided by 58.
57
Suppose -289 = 4*c - 5*t, 70 = c - 2*c + 2*t. Let k = c + 164. Calculate the remainder when k is divided by 9.
7
Suppose 0 = 2*g + 4*v - 122, -5*g + 6*v - v = -365. Calculate the remainder when g is divided by 2/((-2)/(-2 + -16)).
15
Let c = 47 + -8. Let j(h) = -h + 9. Let b be j(8). Calculate the remainder when c is divided by (-195)/(-24) - -2 - b/8.
9
Let l = 137 + -84. Let u = l - 22. Calculate the remainder when 119 is divided by u.
26
Let v be 2/(-6) + -40*(-3)/9. Let t = -5 + v. What is the remainder when 14 is divided by t?
6
Suppose -6*i = 2*l - 8*i - 602, -5*l + i = -1497. Calculate the remainder when l is divided by 19.
14
Suppose -8*h + 12 = -4*h. Let x(v) = 4*v - 2. Calculate the remainder when 26 is divided by x(h).
6
Suppose 16*r + 79 = 255. Calculate the remainder when 144 is divided by r.
1
Suppose -2*d + 798*k = 793*k - 14, d + 4*k = 33. Let u(f) = 15*f + 2. Let h be u(2). Suppose 0*v - h = -v. What is the remainder when v is divided by d?
15
Let r be (-6)/(-15)*50/2. Suppose -3*z + 4*c + 26 = 0, 4*c + 0*c = -3*z + r. What is the remainder when 61 is divided by -1*2/(z/(-63))?
19
Let z = -4 - -8. Suppose 7*u - z*u - 150 = 0. Calculate the remainder when u is divided by (1/(-2))/(3/(-78)).
11
L